5) - (-16 + 1)?
25
Evaluate (2941 - 2960) + (0 + 94 - 0).
75
Calculate (53 - 31) + (-209 - -114).
-73
Calculate 16 + -21 + 14 - (-1 + (-5 - -17)).
-2
Evaluate (18 + -32 - (-30 + 9)) + -68.
-61
What is 0 - (-10 - (9 - 14)) - (-48 - -2)?
51
What is the value of -53 + 157 - 18 - 25?
61
What is -1 - 3 - (-25 - 16 - -117)?
-80
What is (44 - (-18 + 79)) + 50 + -1 + -4?
28
41 - 21 - (70 + -10)
-40
What is the value of 1 + -12 - (-3 + 1)?
-9
Calculate 48 + -55 + -106 + 54.
-59
What is the value of 28 - 7 - (39 - (69 + -14))?
37
What is the value of (0 + 4 - (37 + 0 + 1)) + 1586 + -1598?
-46
Evaluate -3 - -1 - 126 - (-69 - -19 - -33).
-111
What is the value of 20 + -48 + -2 - -54?
24
Evaluate -106 - (-75 + 93 - 65).
-59
Calculate 12 - ((1 - -2) + 3 + -24 + 33).
-3
-6 - (-5 + (18 - 38) + 27)
-8
-25 + (-38 - (21 + -55)) + -35
-64
What is 12 + -2 - ((4 - -29) + 6)?
-29
Evaluate (0 - 21) + 12 + 19 + -42.
-32
What is -125 + 216 + (-127 - -11)?
-25
-155 + 175 - (9 + -29 - 5)
45
What is the value of -30 + (19 - 13) + 9 + 13?
-2
Evaluate 0 + -62 - (29 + 41 + (-48 - 32)).
-52
What is 1 + -64 - (-6336 + 6324)?
-51
What is 44 - (70 - 42) - -43?
59
Evaluate (-4 - -1 - -4) + 3 + 42 + -20.
26
What is (14 - (19 + -1 + -13) - -23) + (-2 - 0)?
30
What is -14 - ((11 - (0 + 18)) + -5)?
-2
-9 + (-39 - -43 - (-37 + 34 - (5 + 1)))
4
What is the value of 6084 + -6102 + (0 + 2 - -115) + 1?
100
What is -55 + 100 + -57 - (34 + 3)?
-49
What is the value of -27 + (-124 - (-190 + 139))?
-100
Calculate -30078 + 30070 - ((0 + 0 - -2) + -66 + -2).
58
Calculate -1 - -1 - -49 - (7 + (37 - 11 - 24)).
40
What is the value of -3 + -2 + 7 + -5 + (63 - -7 - 65)?
2
Calculate 9 + -44 + 19 - 9 - (1 + 10).
-36
Calculate (8 - (10 - (6 + 6))) + -26.
-16
What is -14 + 1 + 874 + -859?
2
Calculate 3415 + -3392 + (-1 - -7).
29
Evaluate 42 + (-23 - -22) + -1 + 9.
49
What is (10 - (6 + -17 + 1 + (1 - 4))) + 3?
26
What is the value of (-3 - -49) + (-1068 - -987)?
-35
Evaluate -172 + 166 + (-20 + 7 - -1).
-18
Calculate 7 + 1 + (6 - (-11 + 9)).
16
Evaluate 3 - (-6 + -57) - (104 - 109).
71
Calculate 16 + 0 + 35 + -152 + 105.
4
What is the value of -8 + 49 + -2 + (-12 - 2) + 0 + 8?
33
What is (38 - 27) + 16 - (-4 + -7)?
38
Evaluate -26 + -14 + 20 + 94 + -26.
48
Evaluate (-1 - -12) + -6 + (0 - 0) - (2 + -42).
45
8 + 1 + 78 + (-26 - (-38 - -4)) + -7
88
Evaluate (7 - (-32 - 11)) + -54.
-4
0 + 0 + 2 + -74 - (400 + -383)
-89
What is 3 - (-20 - -35) - 36 - 26?
-74
What is 33 + -8 - (-22 - (-29 + 3))?
21
4 + (3 - 4) - (18 - (-15 + 15)) - -152
137
What is the value of (8 + -4 - 15 - -5) + 86 + -14 - -6?
72
Evaluate 253 + 101 + -271 + -38 + 0.
45
What is 0 + -12 + (-2322 - -2345)?
11
Evaluate 33 + (91 - 38 - (29 - 16)).
73
What is the value of -12 + -89 + 73 - -80?
52
What is 13 + (-2 - (-12 + 18 + 7)) - 21?
-23
Evaluate 14 - 1 - (-2655 + 2719).
-51
What is the value of -3 + (-54 - -27) + 7?
-23
What is -11903 + 11787 - (-1 + -118)?
3
Calculate (9 - 19) + 30 - (123 + -37).
-66
(-20 - (2 - 11)) + (27 - 44)
-28
Calculate 94 - (47 + 66 + 67).
-86
Calculate 53 - ((1 - 5) + (-261 - -283)).
35
What is -32 - -35 - (0 + 0 - (-7 - -13 - 74))?
-65
Evaluate (-3 - -16 - (4 - 3)) + (53 - -1) + 12.
78
3837 - 3930 - (0 - 114)
21
Evaluate -5 + 19 + 6 + -4 - 40 - (-14 + -2).
-8
Calculate -20 + -43 + 60 - -73.
70
53 + -3 + -126 - -61
-15
Evaluate -103 - ((-22 + 2 - -1) + 2469 + -2469).
-84
Evaluate (1 + -21 - (-17 - (13 - 20))) + 1 + 2.
-7
What is the value of 2 - 47 - 1 - (14 + (11 - 24))?
-47
Calculate (3 - 13) + (-16 + (1 - 11) + 3 - 13).
-46
What is 46 + -2 + 1 + (-65 - -21 - -45)?
46
Calculate -22 + (15 - 14) + 10 + 0 + -24.
-35
What is the value of -23 + 1 - (7 - (-5 + 21)) - -7?
-6
Evaluate 8 - 2 - ((82 + -23 - 23) + -25).
-5
What is the value of 65 + (37 - 85) + (-12 - (-6 - -1))?
10
What is the value of 4 + -12 + 2 - (12 + -34 + 88)?
-72
What is (-1 - -21) + -8 - (-28 + -41)?
81
Calculate -12 + 12 + -12 + 18 - -53.
59
What is -32 + -1 + (25 + -28 - (2 - 13))?
-25
Evaluate 344 + -423 - (14 + -86).
-7
What is (-26 + 36 - 41) + 62?
31
-91 - (6 + -24 + 32 + -17)
-88
What is the value of 2 + (-73 - -43) - -46?
18
What is the value of 2 + (3 - -5) + (-27 - (-2 - -21) - -15)?
-21
What is 13 - (-17 - (-26 + (-26 - -106)))?
84
Evaluate 305 + 67 - 260 - (-1 - -34).
79
What is the value of -31 - (-63 + 54) - (-11 - -9 - -23)?
-43
What is the value of -10 + (5 - 1) - (-17 - -16) - 10?
-15
What is the value of 495 - 494 - (-3 + 19)?
-15
110 + -168 - ((6 - 0 - (4 + 2)) + -10)
-48
Calculate -30 + 11 + 17 - (-10 - -6).
2
Calculate 1 - (-2 + -1) - (8 + (57 - (-47 + 93))).
-15
Calculate 24 + 8 + -98 + 56.
-10
1 + -28 + (208 - 315) - (1 - -2)
-137
What is the value of -4 - (11 + 9 + 3 + -29) - (3 + -36)?
35
What is the value of 3 + 2 + (18 - (12 + 22) - -40)?
29
What is the value of 38 - ((74 - 43) + -1 + -17)?
25
What is 81 + 4 + -19 + -63?
3
Evaluate 9 + 4 + 0 + -3 + (12 - (77 + 3)).
-58
What is the value of -81 - (5 + -21 + 42 + -12)?
-95
What is 66 + 83 + -117 - -78?
110
Calculate 1437 + -1457 + 2 + -15 + 31.
-2
Calculate -13 + -2 + (-16 - (-37 + 114)) + (1 - -8).
-99
What is 13 - (390 + -405 + -29 + 3)?
54
Calculate -52 - ((71 - 43) + -63).
-17
What is (42 - (30 - 0)) + (6 - -11)?
29
What is the value of 2 + -4 + -52 + 4 - (-16 - (3 - 10))?
-41
Evaluate (5 - 1 - -5) + (43 - 36 - 27).
-11
What is the value of (0 - 18) + (16 - -19) + 18 + -36?
-1
Evaluate (6 + -20 - (2 + -43) - 11) + -106.
-90
Evaluate (-1 - 6) + (19 + -3 + -41 - 32).
-64
What is the value of -2 + -27 - (89 - 211 - -78)?
15
0 + -9 + 2 - ((76 - 147) + -57)
121
Evaluate -26 + 86 + -120 + 5.
-55
Evaluate -15 + (28 - 7) - (-2 - (2 + -7)).
3
(-18 - ((-41 - -27) + -14)) + 44
54
What is -65 + (58 - -25) + -26?
-8
Calculate -1 + 80 - -31 - 57.
53
What is -5 + (31 - 9) - 31 - 23?
-37
(0 - 11 - (-95 + 38 + 29)) + 8
25
What is (116 - 2) + (-51 - (-53 + 1 - -14))?
101
Calculate 97 + -100 + (-9 - -5 - -3) + 8 + -70.
-66
What is 11 + 70 - ((-15 + 36 - 18) + -19)?
97
(-4 - (3 - 2 - 3)) + (-10 + 5 - -61)
54
What is -10 - ((6 - (14 + 0)) + -14 + 147 - 6)?
-129
Calculate (-119 - -133) + 5 + 25.
44
Evaluate 11 + -2 - (80 + -115 + (10 - 18) + 13).
39
Calculate -23 + (1 - (-112 + 109 - (-1 + -6))).
-26
What is the value of -25 + (-1 - 23) + 10 + 6?
-33
What is -101 - (16 + -94) - 29?
-52
What is the value of (-1 - 12) + 244 + -250 - -26?
7
Calculate -57 - (26 + -33 + 15 - 14).
-51
What is the value of 52 + -4 + -68 - -26?
6
What is the value of 0 - 14 - (-1197 - -1145)?
38
Calculate 8 + (107 - 138) + (0 - -1) + (33 - 34).
-23
Evaluate -9 - (29 + (-42 - -24 - 23)) - (135 - -2).
-134
What is the value of 74 + 20 + (-16 - (10 + 11 + 1))?
56
Calculate (1 - 7 - -5 - 5) + (15 - -66).
75
Evaluate -71 + -14 + (-29 - -20).
-94
Evaluate -6 + (2 - 3 - -8) + -51 + (27 - 25).
-48
Calculate -59 - (-15 + (-10 - (0 - -9 - 40)) - 5).
-60
What is (-3 - (-5 - -13) - (-1 + -19)) + 33?
42
Evaluate -235 + -192 + 451 - (-7 - (1 - 2)).
30
Calculate (-27 + -33 + 27 - -17) + 41.
25
What is 57 - 94 - (-7 - 0 - -9)?
-39
31 + -64 + -1 + 54
20
What is -144 + (30 - 10) + 18 + -18?
-124
What is the value of -6 + -47 - (0 - 4 - (-1 + 10))?
-40
Calculate -6 + 1 - (-6170 - -6182 - (67 + 0 + -1)).
49
4 - (22 - (-14 + 15)) - (2 + -38)
19
What is 39 + (-8 + -55 - 26)?
-50
What is the value of -322 + 225 - (1 - -11 - (-6 + 40))?
-75
What is 71 + -27 + -57 - -103?
90
What is the value of 4239 + -4363 + (18 - (-3 + 2)) + 22?
-83
Calculate (147 - -70) + -83 - (-3 + -1 - 9).
147
What is the value of 101 - (20 + -5 + -15 + 17 + -3)?
87
Calculate (9 - -38) + 21 + -3 + (-36 - -14).
43
Evaluate -15 + (41 - 12 - 67).
-53
Calculate (1 - -20) + 43 + -10 + -31.
23
Evaluate (23 - -40) + -227 + 126.
-38
Evaluate (5 + -2 - (2 - -7)) + 76 + -14.
56
Calculate 4722 + -4739 - (-16 - 5 - (1 - 2)).
3
Calculate (-5 - (9 - (8 + -8))) + -72 - 20.
-106
What is the value of (-36 - -49) + (2 - 1) + (7 - (-10 - -18))?
13
Evaluate (-183 - -183) + 3 + -5 + -15.
-17
Evaluate 19 - (3 + (2 + 2 - (-23 - -33))).
22
Evaluate 15 + -7 + 1 + (-83 - -80) + 22.
28
What is the value of 10 - (-18 + 23 + 11) - 2 - 34?
-42
Calculate (390 - 422) + 10 + 1 + (0 - 14).
-35
Calculate -12 + 61 + -9 - (-7 + 8).
39
What is the value of (-10 - 2) + (31 - (151 + -28 - -33)) - -6?
-